n base 11?
a615
-303026 (base 7) to base 13
-1a573
What is -141 (base 16) in base 8?
-501
-101000011111101 (base 2) to base 13
-958b
What is -203 (base 6) in base 12?
-63
Convert 32010332 (base 4) to base 3.
2221002122
211010221 (base 3) to base 12
9414
Convert 22720 (base 9) to base 11.
10437
Convert 2d8 (base 15) to base 5.
10103
a568 (base 13) to base 4
11211311
What is 1040 (base 10) in base 9?
1375
What is -302bb (base 12) in base 9?
-104828
Convert 51e3 (base 16) to base 10.
20963
What is -31262 (base 8) in base 15?
-3ca3
What is -101000110000 (base 2) in base 11?
-1a61
Convert 602 (base 11) to base 9.
888
-3084 (base 9) to base 5
-33023
27620 (base 9) to base 4
10210221
What is -e4f (base 16) in base 4?
-321033
What is 26263 (base 7) in base 6?
52231
-5b7b (base 16) to base 4
-11231323
Convert 1110110110 (base 2) to base 16.
3b6
What is 131343 (base 7) in base 5?
1241111
Convert 431 (base 6) to base 7.
322
20202122 (base 3) to base 5
124211
Convert -2540 (base 9) to base 16.
-76b
What is 3124 (base 13) in base 3?
100022111
-1001111001 (base 2) to base 7
-1563
Convert 255 (base 9) to base 8.
324
Convert 110110010011 (base 2) to base 7.
13063
What is -21504 (base 6) in base 8?
-5660
-292 (base 12) to base 7
-1106
What is 124 (base 14) in base 6?
1020
Convert -312210 (base 4) to base 9.
-4710
1300 (base 10) to base 5
20200
312553 (base 6) to base 3
1021122220
Convert -26a (base 15) to base 14.
-2b4
What is 4447 (base 9) in base 15?
e8d
Convert -101 (base 3) to base 11.
-a
What is -995c (base 14) in base 9?
-40361
What is -402411 (base 5) in base 3?
-122122011
1021452 (base 6) to base 3
2112002112
221101 (base 6) to base 8
43735
What is 11011000000111 (base 2) in base 14?
507d
Convert 3a0 (base 12) to base 9.
673
What is 535 (base 12) in base 14?
3c5
Convert 1102111 (base 3) to base 5.
13124
1c479 (base 13) to base 11
38938
Convert -239 (base 13) to base 7.
-1061
What is -b5b (base 12) in base 11?
-1275
What is 12112 (base 6) in base 10?
1772
Convert -4626 (base 8) to base 6.
-15210
Convert -3003 (base 4) to base 5.
-1240
-17b7c (base 15) to base 14
-2000a
What is 2a49 (base 14) in base 13?
355c
What is 1433 (base 5) in base 3?
100000
190a (base 14) to base 2
1000110100110
What is -1012122 (base 3) in base 13?
-52a
Convert a08 (base 12) to base 4.
112220
22111202 (base 3) to base 4
1200323
What is -503 (base 9) in base 2?
-110011000
Convert 86b8 (base 14) to base 16.
5afa
-210313 (base 4) to base 6
-14531
Convert -46fd (base 16) to base 3.
-220221002
What is -15105 (base 8) in base 2?
-1101001000101
What is 3331133 (base 4) in base 2?
11111101011111
What is -4616 (base 8) in base 9?
-3317
84c (base 13) to base 2
10110001000
What is 875 (base 14) in base 2?
11010000111
Convert 10001110001 (base 2) to base 15.
50c
-101111100 (base 2) to base 11
-316
Convert -14430 (base 5) to base 6.
-5424
Convert -3003 (base 5) to base 13.
-231
Convert -101101 (base 5) to base 12.
-1a90
-10000000001100101 (base 2) to base 11
-45350
103 (base 13) to base 5
1142
24664 (base 9) to base 4
10003012
-1303122 (base 5) to base 2
-110001101000100
Convert -3751 (base 10) to base 13.
-1927
Convert -17987 (base 10) to base 8.
-43103
-654 (base 10) to base 13
-3b4
What is 1434 (base 5) in base 12?
184
What is -32367 (base 9) in base 16?
-53c5
Convert 1000020 (base 3) to base 4.
23133
What is -d3a (base 14) in base 3?
-10120022
What is 220201011 (base 3) in base 11?
12596
What is 1482 (base 11) in base 4?
131301
What is 100001111101101 (base 2) in base 7?
101461
2d26 (base 14) to base 8
17606
Convert 2877 (base 12) to base 6.
33431
Convert -253204 (base 6) to base 14.
-8416
What is 18e (base 15) in base 11?
2a7
319a (base 16) to base 9
18368
da (base 14) to base 5
1232
What is -532104 (base 7) in base 16?
-16749
Convert -536d (base 15) to base 6.
-213421
1333323 (base 4) to base 15
265c
What is -45066 (base 7) in base 12?
-66b3
What is 1213212 (base 4) in base 5?
203010
What is 5503 (base 8) in base 9?
3853
What is 505250 (base 6) in base 12?
1b226
What is -555 (base 8) in base 14?
-1c1
-2431 (base 11) to base 14
-1232
Convert 3410211 (base 5) to base 12.
2a908
-42242 (base 5) to base 11
-2136
What is -133342 (base 5) in base 4?
-1111200
What is -1010011100 (base 2) in base 6?
-3032
Convert 2300 (base 6) to base 3.
202000
-3 (base 8) to base 9
-3
-7557 (base 8) to base 7
-14343
Convert 30433 (base 7) to base 16.
1cff
-1a033 (base 13) to base 15
-eeb8
What is -1499 (base 10) in base 15?
-69e
What is 8833 (base 12) in base 15?
46b0
10200 (base 4) to base 5
2123
What is 1101001100001 (base 2) in base 9?
10233
3245 (base 8) to base 12
b99
Convert -1098 (base 11) to base 16.
-59e
What is 101010010011 (base 2) in base 11?
2041
Convert -51f (base 16) to base 11.
-a92
What is 104 (base 11) in base 6?
325
Convert -717 (base 16) to base 11.
-1400
Convert -2c5 (base 15) to base 2.
-1001111011
Convert -11101101 (base 2) to base 9.
-283
What is -798 (base 13) in base 12?
-910
What is 753f (base 16) in base 10?
30015
110111110111110 (base 2) to base 12
1467a
Convert 41212 (base 5) to base 11.
2019
What is 1010100011 (base 2) in base 4?
22203
What is -131441 (base 5) in base 8?
-12176
What is 1503 (base 7) in base 3?
210220
What is -11413 (base 8) in base 4?
-1030023
Convert 32b5 (base 12) to base 15.
19de
12159 (base 12) to base 9
36426
302 (base 10) to base 7
611
Convert -1010010100 (base 2) to base 13.
-3ba
13407 (base 8) to base 9
8070
What is -cbd (base 15) in base 10?
-2878
-1304 (base 10) to base 11
-a86
What is 30863 (base 12) in base 13?
22b48
Convert 4330 (base 6) to base 4.
33132
Convert 30 (base 6) to base 12.
16
Convert -22270 (base 9) to base 2.
-11100111010101
692 (base 12) to base 11
806
-2852 (base 13) to base 10
-5813
Convert 1344 (base 6) to base 8.
540
What is -232404 (base 5) in base 7?
-33502
8785 (base 9) to base 5
201401
What is -62 (base 16) in base 11?
-8a
Convert 13080 (base 14) to base 13.
1838c
Convert -110202 (base 3) to base 4.
-11120
What is -19b (base 13) in base 14?
-173
Convert -256 (base 14) to base 15.
-213
1131 (base 4) to base 8
135
What is 217 (base 12) in base 7?
616
What is b0 (base 15) in base 3?
20010
6a (base 13) to base 10
88
Convert 8966 (base 11) to base 4.
2320201
What is -5ad (base 15) in base 11?
-a71
What is -3111 (base 4) in base 7?
-423
What is -2431 (base 12) in base 8?
-7745
7769 (base 13) to base 12
9775
-202010 (base 3) to base 9
-663
1100111011010 (base 2) to base 11
4a77
What is -420 (base 5) in base 13?
-86
What is c1 (base 16) in base 6?
521
-203 (base 5) to base 4
-311
What is 1913 (base 13) in base 4?
322112
11885 (base 9) to base 2
1111101001111
-1152 (base 7) to base 2
-110101101
-3536 (base 10) to base 12
-2068
Convert -4467 (base 8) to base 9.
-3211
Convert -1ec (base 16) to base 13.
-2bb
Convert -4301 (base 5) to base 11.
-484
What is -230 (base 13) in base 4?
-11321
Convert 10012121 (base 3) to base 6.
14454
Convert 1261 (base 15) to base 11.
2a40
1001021101 (base 3) to base 4
11002003
7536 (base 8) to base 10
3934
Convert 82f (base 16) to base 9.
2777
18507 (base 10) to base 12
a863
485 (base 16) to base 4
102011
What is 15501 (base 6) in base 4?
213331
4030 (base 7) to base 15
62d
What is 22003 (base 4) in base 2?
1010000011
Convert 59c2 (base 14) to base 4.
3310212
Convert -1907 (base 15) to base 10.
-5407
Convert -10010100010 (base 2) to base 7.
-3313
What is -105e (base 16) in base 2?
-1000001011110
What is -312311 (base 4) in base 14?
-13c9
What is -113301 (base 4) in base 3?
-2002100
220 (base 3) to base 13
1b
Convert 12026 (base 7) to base 10.
3107
Convert 251 (base 12) to base 15.
184
12322 (base 7) to base 13
1630
Convert -203013 (base 7) to base 5.
-2102103
What is -20222 (base 3) in base 11?
-161
What is -19a8 (base 13) in base 5?
-110411
Convert -135 (base 11) to base 2.
-10011111
-1938 (base 11) to base 9
-3334
Convert bc7a (base 13) to base 6.
321424
-801 (base 12) to base 9
-1521
Convert -13301 (base 9) to base 2.
-10001100100000
What is 46a (base 14) in base 4?
31232
What is -1242411 (base 5) in base 11?
-17643
What is 332 (base 4) in base 5?
222
Convert 1000011020 (base 3) to base 8.
46525
143 (base 5) to base 3
1210
What is -955 (base 14) in base 3?
-2112010
Convert 525 (base 7) to base 14.
14c